hat is y(b)?
14
Let w(u) be the second derivative of u**5/5 - u**4/12 - u**3/6 + 2*u. Suppose -15 = 5*o - 0*m - 2*m, 0 = -4*m + 20. Determine w(o).
-4
Let o(z) = z**2 - 3*z + 17. Let c = -3021 + 3021. Give o(c).
17
Suppose 0 = -279*u + 304*u - 75. Let d(y) be the third derivative of -1/10*y**5 + 0 + 1/3*y**4 + 0*y - 1/120*y**6 + 1/6*y**u - 7*y**2. Give d(-7).
-6
Let y(w) = -w**3 + 21*w**2 - 22*w + 27. Let h be y(20). Let n(i) = -2*i - 18. Calculate n(h).
8
Let t = 2 - 2. Let n be (0 + t + -1)*-3. Let q(p) = -5*p + 2. Give q(n).
-13
Let l(i) = -4*i - 43. Let p(w) = w + 12. Let z(g) = -6*l(g) - 22*p(g). What is z(0)?
-6
Suppose -5*w + 0 + 19 = -2*o, w + o = 1. Let f(m) be the third derivative of 0*m + 1/120*m**6 + 0*m**4 + m**2 - 1/3*m**3 - 1/20*m**5 + 0. What is f(w)?
-2
Let j be (-2)/(-4)*(-36)/(-6). Suppose -j*u = 4*q - 12, 4*u = 5*q - 19 + 4. Let b(d) = -2*d**3 - 4 + 3 - 10*d**q + d**2. Give b(-1).
12
Let h(d) be the first derivative of -2*d**2 + 12*d + 645. Give h(8).
-20
Let g(t) = -15 + 3 - t**3 - 200*t + 14*t**2 + 186*t. Calculate g(13).
-25
Let y(j) = -12*j + 23. Let l(b) = 5*b - 11. Let f(m) = 5*l(m) + 2*y(m). Determine f(7).
-2
Let u(y) = y**2 - 9*y - 4. Let c = -57 - -62. Let p be (-8)/c*((-6 - 4) + 5). What is u(p)?
-12
Let i = 3 - 1. Suppose 0 = -4*m + 4*q + 68, 4*q + 0*q = 2*m - 44. Suppose -i*j = -6*j - m. Let n(l) = -l**2 - l + 2. Determine n(j).
-4
Let s(v) be the first derivative of 1/6*v**4 + 0*v - 1/3*v**3 - 5 - 3/2*v**2 + 1/15*v**5 - 1/120*v**6. Let f(h) be the second derivative of s(h). Give f(4).
14
Let t(u) = -u**3 + 34*u**2 - 8*u**2 + 5*u - 29*u**2. What is t(-4)?
-4
Let p(s) = -s**3 - 4*s**2 + 7*s + 4. Suppose w = -3*w + a + 59, 0 = -2*a + 10. Suppose 0 = 4*v - 4*i + w, 5*v + i + 26 = -0*v. Calculate p(v).
-6
Let f(m) = -m + 3. Let p(i) = -7*i + 19. Let d(l) = 6*f(l) - p(l). Give d(3).
2
Let u(i) = 3*i**3 + 2*i**2 - i - 4. Let r(w) = -w**2 - w + 1. Let h(t) = r(t) + u(t). Suppose -27*j = -10*j + 34. Determine h(j).
-19
Let r be -4 + 28/4 + -1. Let u(m) be the first derivative of m + 1/3*m**3 + 1/2*m**2 - 1. Calculate u(r).
7
Let t(o) = 8*o + 4. Let a(c) = 1 - 65*c + 74*c + 4. Let d(q) = -4*a(q) + 5*t(q). Give d(-2).
-8
Let a(k) = k**2 + 9*k + 11. Let c(o) = -o**2 - o. Let x(m) = a(m) + 2*c(m). Give x(8).
3
Suppose 2*x + 5*g = 22, -2*g - 6 = -2*x + g. Let l(r) be the first derivative of -r**4/4 + 7*r**3/3 - 3*r**2 - 8*r + 1. What is l(x)?
-8
Let j = 365 - 364. Let i(t) = 15*t**3 - 2*t**2 + 2*t - 1. What is i(j)?
14
Let j(d) = -d + 3. Let r = -160 + 162. Let w(q) = 1. Let p(z) = -5*z + 10. Let v(l) = -p(l) + 5*w(l). Let k be v(r). Calculate j(k).
-2
Let d(z) = 4*z - 7. Let o be (-2)/1 + 0 + 4. Suppose -o*g - 5*c = 0, -g + 4*c - 2*c + 9 = 0. Determine d(g).
13
Let m = -688 - -41281/60. Let p(d) be the third derivative of 0*d + m*d**5 + 1/8*d**4 + 0 - 1/2*d**3 - 3*d**2. Determine p(-5).
7
Let l be (-146)/(-10) - 10/(-25). Let n be 14/4 + l/(-10). Let m(o) = 6*o + 13. Let g(w) = 2*w + 4. Let c(f) = n*m(f) - 7*g(f). Give c(-5).
8
Let n(u) = -u**2 - 6*u - 6. Let z be n(-2). Let f(w) = 2*w**2 - 2*w**z + w**2. Determine f(-2).
4
Let q(h) = h**2 - 10*h - 7. Let m be q(11). Let c(k) = 4 + 3*k**2 + 4*k - m - k. Give c(-2).
6
Let s(h) be the second derivative of h**4/12 - h**3/6 - 3*h**2/2 - h + 1. Calculate s(3).
3
Let z(x) be the second derivative of x**4/12 + x**3 - x**2/2 - 36*x. Give z(-8).
15
Let v(c) = 2*c**3 + 8*c**2 - 2*c - 4. Let i(a) = -a**3 - 8*a**2 + 2*a + 3. Let d(o) = -3*i(o) - 2*v(o). Let z be (16/(-13))/(76/(-494)). Determine d(z).
-17
Suppose -w = -3*v - 0*w + 1, 22 = v + 4*w. Let y(l) = -3*l + 2 + l - v*l + 2. Determine y(3).
-8
Let u(w) = w**3 + w**2 - 3*w - 3. Let f(d) = -6*d**2 - 5*d + 18. Let j(a) = -a**2 - a + 1. Let m(g) = f(g) - 5*j(g). Let v be m(4). What is u(v)?
-12
Let q(n) = 3*n + 9. Let g = -28 + 25. Let x(v) = 5*v + 9. Let z(s) = g*q(s) + 2*x(s). Give z(0).
-9
Let h(q) = q**3 - 15*q**2 + 14*q + 1. Let r be h(14). Let n(c) = -5 - 18*c**2 - 4*c**2 + c - 4*c**2 + 4. What is n(r)?
-26
Let m be (170/(-15))/(6/(-9)). Let j(y) = -44*y + m*y + 18*y. Give j(-2).
18
Let h = -21 - -17. Let c(r) = -3*r + 2. Let z be c(-4). Let b be h + -4 + z + -2. Let x(t) = 2*t - 3. Determine x(b).
5
Suppose 0 = a + 2 + 5. Let c(w) = -w**3 - 8*w**2 - 6*w + 9. Determine c(a).
2
Let u(o) = -15*o. Let l be u(-1). Suppose -7*i = 2*a - 2*i - l, -12 = -4*i. Let v(h) = 4 + 4*h**2 - h + 5*h**2 + a - 10*h**2. What is v(-3)?
-2
Let h(c) = -10*c - 16. Let b(t) = -24*t - 32. Let m(u) = -2*b(u) + 5*h(u). Give m(-11).
6
Let c be 2*-3*3/(63/(-7)). Let b(q) = -5*q + 7. Let l be b(c). Let t(j) = j + 2. Calculate t(l).
-1
Let m(c) = -c. Let d be m(-3). Let g(y) = -5*y**2 + 3*y + 1. What is g(d)?
-35
Suppose -1 + 11 = 5*k. Suppose 0 = -k*c + 15 - 31. Let q(p) = p**2 + 7*p - 4. Calculate q(c).
4
Suppose 4*c + 227 = 219. Let n(d) = 3*d**3 - 2*d - 3. Give n(c).
-23
Let z(i) = i**3 - 5*i**2 - 1. Let w be z(5). Let b(x) = 4*x**2 - 4*x + 40. Let p(d) = -5*d**2 + 3*d - 32. Let u(v) = -4*b(v) - 5*p(v). What is u(w)?
8
Let x = -728 - -730. Let u(t) = -t + 1. Calculate u(x).
-1
Let w(y) = -4*y + 11. Let d(j) = j**3 - 45*j**2 + 47*j - 138. Let n be d(44). Determine w(n).
35
Suppose -18*n + 28 = -4*n. Let t(r) = -3*r**n - 8 + r - 2*r + 11 - 5 - r**3. Calculate t(-3).
1
Let q(n) = -n**2 + 7*n - 7. Let x = -276 + 283. Give q(x).
-7
Let l(s) = -s**3 + 19*s**2 - 31*s - 47. Let z be l(17). Let a(y) = -2*y + 6. Give a(z).
-2
Let a(x) be the third derivative of x**7/2520 - x**6/90 + 9*x**5/20 - 10*x**2. Let w(b) be the third derivative of a(b). Calculate w(7).
6
Let a(d) be the second derivative of 5*d**4/6 + d**2/2 + d. Let h be (2/(-6))/(18/(-20 + 74)). Calculate a(h).
11
Let d = -5 + 10. Let t(g) be the first derivative of g**4/4 - 4*g**3/3 - 5*g**2/2 + 3*g - 5. Determine t(d).
3
Let d(i) = -i - 8. Suppose 2*v - 3 = -v. Let x be (-5 + 5)/(1/v). Suppose x = -3*k + 6 + 12. Calculate d(k).
-14
Suppose 0 = 34*i + 28 + 74. Let f(g) = -g**3 - 3*g**2 - 7*g - 13. Determine f(i).
8
Let c(k) = 13*k**2 - 3*k + 22. Let z(g) = 7*g**2 - 2*g + 11. Let i(y) = 6*c(y) - 11*z(y). Let x(m) be the first derivative of i(m). Give x(-6).
-8
Let z(t) = -2*t + 1. Suppose 0 = -2*x - 3*j + 17, 2*x + 0*x + j = 11. Suppose 9 = -3*a - 5*q, 20 = -x*q + 8. What is z(a)?
-3
Suppose -1 = 2*g - 3. Let r(a) = 6*a**3 + 4*a**3 + 2*a + g - 11*a**3 - 3*a**2. Calculate r(-4).
9
Let w(s) = -8*s - 13. Let i be w(-2). Let a(f) = f - 8 + 2 + 3*f**i + 7*f + 3*f**2 - 4*f**3. What is a(5)?
-16
Let i(r) = -r**3 + 13*r**2 - 3. Suppose 2 = -w, 8*w - 10*w = -5*d + 69. Calculate i(d).
-3
Let m = 75 + -64. Let r(y) = y**3 - 11*y**2 - y + 6. Let a be r(m). Let d(n) = -n**2 - 4*n - 2. What is d(a)?
-7
Let l(f) be the second derivative of f**4/12 - f**2 - f + 30. What is l(-2)?
2
Suppose 0 = m - t - 2, -8*m + 10 = -6*m + 4*t. Let h be (-1)/(-2)*4*1. Let d(w) = -4*w - 6*w + 7 + 4*w**h - m*w**2 + 3*w. What is d(5)?
-3
Let x(u) = 0*u + 2*u + 0*u + 6 - 3*u + 1. What is x(3)?
4
Let u(l) = -10*l**2 - 19*l - 2. Let m(v) = -8*v**2 - 17*v - 3. Let o(k) = -4*m(k) + 3*u(k). Calculate o(-4).
-6
Let i = 10873 + -10879. Let q(h) be the second derivative of -2/3*h**3 + 0 - 1/12*h**4 - h + 4*h**2. Calculate q(i).
-4
Let u(n) = -n**2 - 10*n + 33. Let g = -432 + 419. Give u(g).
-6
Let b(z) be the third derivative of -z**6/60 - z**5/20 + z**4/8 - z**3/3 - 26*z**2 + 2. Calculate b(-3).
16
Suppose 5 + 12 = 5*w - 4*g, 0 = -3*w - g + 17. Let c(u) = u. Let v(y) = -y**2 + 6*y + 7. Let a(q) = c(q) - v(q). Calculate a(w).
-7
Let a(m) = -13*m + 64. Let g be a(5). Let o(h) = 17*h**2 - 2*h - 1. Calculate o(g).
18
Let y(k) be the first derivative of -k**2/2 - 4*k + 468. Suppose 3*j + 8 = b, -2 = j - b - 0. Give y(j).
-1
Let o(a) = -a**2 + 3*a + a + 39 - 33 + a + 0*a. What is o(8)?
-18
Let j(w) be the second derivative of -5*w**3/6 - 27*w**2 - 111*w - 4. Determine j(-11).
1
Let c = 0 + 0. Let m(d) be the third derivative of d**6/120 + d**5/60 - d**4/24 + d**3/2 + 293*d**2. What is m(c)?
3
Let j(r) = -r**3 + r**2 - r + 6. Suppose s - 3 = 5*g, 4*g = -0*g + 2*s - 6. Let i be j(g). Let l(m) = m**2 - 6*m - 4. Give l(i).
-4
Let d(h) = -h**3 - 4*h**2 + 4*h + 1. Let v be 20/35 + (-78)/14. Give d(v).
6
Suppose 3*o + 2*k = -11 + 29, 3*k = 3*o - 18. Let 